*o, 4*s + 2*o - y = 0. Calculate the greatest common divisor of s and 88.
11
Let o be 10/(-35) - 58/(-7). Let x(d) = d**3 - 7*d**2 - 4*d - 8. Let t be x(o). Suppose -t*z - 100 = -28*z. Calculate the highest common factor of z and 125.
25
Let n be 26/6 - (-4 - (-40)/12). Suppose 7*d - 3*d - 16 = -5*q, n*q - 23 = 3*d. What is the highest common divisor of q and 16?
4
Let x = -13 + 28. Let n(b) = b**3 + 5*b**2 + 5*b + 3. Let q = 28 - 31. Let s be n(q). Calculate the highest common factor of s and x.
3
Suppose -4*f + 18 = 2. Let h(q) = q**2 - 4*q + 5. Let m be h(f). Let c be ((-66)/(-9))/((-4)/(-30)). What is the greatest common factor of c and m?
5
Let h = -2542 - -3752. What is the highest common divisor of 20 and h?
10
Suppose -19*l - 11*l = -990. Calculate the greatest common divisor of 3 and l.
3
Let c be 0 - (0 - 0) - -20. Let z(w) = -w**2 + 9*w + 120. Let o be z(14). Calculate the highest common factor of c and o.
10
Let o be (-149)/(-3) + 2/(-3). Let x be 459 - (-19)/19*-18. Calculate the greatest common factor of x and o.
49
Let v(u) = -u**2 + 45*u - 120. Let l be v(24). What is the greatest common divisor of l and 24?
24
Suppose 0 = -3*m - g + 208, 3*m - 6*g - 212 = -5*g. What is the greatest common factor of 490 and m?
70
Suppose 4*o = -4*u - 306 + 1518, 1 = -u. What is the highest common factor of o and 16?
16
Suppose 3*p - 5 - 1 = 0. Let j be 2/p*7/1. What is the greatest common factor of 28 and j?
7
Let r = 3 + 7. Let c = 318 + -317. Calculate the greatest common divisor of r and c.
1
Let f = 863 - 838. What is the highest common factor of 1600 and f?
25
Let y(u) = u**2 + 12*u - 7. Let o be y(-13). Let s(v) = 17*v**2 - 2. Let m be s(2). Calculate the highest common factor of o and m.
6
Let b(q) = -q**3 - 13*q**2 - 21*q + 71. Let k be b(-11). What is the highest common divisor of k and 285?
15
Let z(y) = -6*y**3 + 4*y**2 + 5*y + 3. Let k be z(-2). Suppose 47 = -2*v + 213. Let h = v - k. Calculate the highest common factor of h and 65.
13
Let r be (-24)/(-20)*120/16. What is the highest common factor of 99 and r?
9
Let z(o) = -o**3 - 6*o**2 - 9*o - 17. Let w be z(-5). Suppose -2*y + 3*j = -0*y - 422, 4*j - 616 = -w*y. What is the highest common divisor of y and 16?
16
Suppose 5*b + 105 = -5*d - 0*b, d = 5*b + 9. Let m be -1*7/((-14)/d). Let j be (2/m)/(1/(-76)). Calculate the highest common divisor of 57 and j.
19
Let y = -36 + 88. Let l be 150/12*(-104)/(-10). What is the highest common divisor of l and y?
26
Suppose -14*h - 434 + 504 = 0. What is the highest common divisor of h and 22?
1
Suppose -3*l = -3*v + 4*v + 4, -3*v + 2*l = -21. Suppose 125 = -v*t + 10*t. Suppose -47 = -4*z + t. Calculate the highest common divisor of z and 198.
18
Let l = 0 + 18. Let s(b) = -9*b - 7 + 5*b**3 + 1 + 5*b**2 - 4*b**3. Let y be s(-6). What is the greatest common divisor of l and y?
6
Let m be (28408/(-335))/((-33)/(-35) + -1). Calculate the highest common factor of m and 53.
53
Let x(p) = 2*p**2 - 4*p - 14. Let b be x(4). Calculate the greatest common factor of b and 16.
2
Suppose -16*x - 21 = -277. Suppose -19*w + 81 = -x*w. What is the highest common divisor of w and 18?
9
Let p be (1/9)/((-213)/27 - -8). Let t(z) = z**2 + 2*z - 4. Let o be t(3). What is the highest common divisor of p and o?
1
Suppose 137*j - 144*j = -231. Calculate the highest common divisor of 15 and j.
3
Let a be (4 - (-37)/(-4)) + 3/(-4). Let u be 1 + 6*(-9)/a. Calculate the greatest common divisor of u and 80.
10
Let v be 2 - (-44 - -6) - (-7 + 12). Suppose -84 = -5*l - 14. Let i be (-9)/(-6)*l/3. Calculate the greatest common factor of i and v.
7
Let o(z) = -15*z + 513. Let v be o(33). Let u = 242 + -422. Let p be ((-2)/4)/(1/u). What is the greatest common divisor of v and p?
18
Let t be (21/15 - 1)*25. Suppose -u = 2 - t. What is the highest common factor of u and 88?
8
Suppose -3*s + x - 6*x = -95, -2*s - 3*x = -64. Let u(l) = l**3 - 6*l**2 - 10*l + 35. Let b be u(7). Calculate the highest common divisor of b and s.
7
Let y = 563 + 1231. Calculate the greatest common divisor of 156 and y.
78
Let w(u) = u**3 + 6 + 10*u**2 + 2*u + 3*u**2 - 9*u**2 - u**2. Let h be w(-2). Calculate the highest common factor of h and 54.
6
Let a = 91 - 25. Let p(w) = -w**3 + 11*w**2 + 40*w + 16. Let x be p(-3). Calculate the greatest common divisor of x and a.
22
Let w be -4*(40/70 + (-43)/14). Calculate the highest common divisor of w and 20.
10
Let y(u) = -u**3 - 13*u**2 + 13*u - 13. Let i be y(-14). What is the greatest common factor of i and 7?
1
Let x be (15/(-30) + -3*5)*-132. Calculate the greatest common divisor of x and 132.
66
Let j = 8 + 0. Let o be ((-143)/(-44))/(1/j). What is the highest common divisor of o and 286?
26
Suppose -3*k + j = -2301, -3*j + 6*j = 9. What is the greatest common divisor of k and 96?
96
Let k be 52/10 + (-3)/15. Let o(c) = c**3 - 6*c**2 - 9*c + 14. Let t be o(7). Suppose k*m + m - 138 = t. Calculate the highest common factor of m and 253.
23
Suppose 0 = -i - i - 3*a + 7, a - 19 = -4*i. Suppose -3*c = -58 - i. What is the highest common divisor of 273 and c?
21
Suppose 3*u - 3*g - 39 = 0, 3*u - 47 = u - 5*g. Suppose 0*h - 448 = -4*h. Calculate the highest common divisor of u and h.
16
Let f = 51 - -93. Suppose -f = -4*d - 4. Let c(u) = 3*u**2 + 2. Let i be c(-2). Calculate the highest common divisor of d and i.
7
Suppose 5*v + 3*k = 325, -39 - 26 = -v + 4*k. Suppose -t + 0*t = -v. What is the greatest common divisor of t and 26?
13
Let z be (-592)/6 - 6/(-9). Let k = -51 - z. What is the greatest common factor of k and 329?
47
Let d = 509 - -76. Suppose 5*x = -0*s + 2*s - 299, 0 = 4*s + 3*x - d. Suppose 3*w - s - 15 = 0. What is the greatest common factor of 18 and w?
18
Suppose 2*d + 18 = -d. Let n be (d/(-4))/(6/72). Suppose 4*m = -3*x + 262, 4*x - 307 = 5*m + 63. What is the highest common divisor of x and n?
18
Let n be (1558/57)/((-2)/(-17 - 1)). Let d be (n/18 - 7)*24/10. Calculate the highest common divisor of 112 and d.
16
Let h = -2584 + 2722. Calculate the highest common factor of 759 and h.
69
Let d = -100 - -110. Let q be d/75 - (103/(-15))/1. Calculate the highest common factor of q and 77.
7
Let j be ((-4 - -6) + -2)/(-2). Let v be 1*(11 - (j - -2)). Calculate the greatest common divisor of 2 and v.
1
Let w be 2/(12/9)*2. Let m be w - (3 - (8 + -2)). Calculate the highest common factor of m and 4.
2
Let a be (-8)/64 - (-2529)/8. Suppose 4*s - a = -56. Calculate the highest common divisor of s and 13.
13
Let r be 82 + (-1 + 0)*2. Let t(q) = q**2 + 6*q - 6. Let b be t(-8). Calculate the highest common factor of b and r.
10
Suppose m + 4 + 73 = 5*n, 19 = n + m. Let r be 32/48*(25 - 1). Calculate the highest common factor of r and n.
16
Suppose -2*v = -45 + 41. What is the greatest common factor of 98 and v?
2
Let x be 2*2/(-4)*-108. Let p = -366 - -378. Calculate the highest common divisor of p and x.
12
Suppose -2*d + d = -4*h + 2, -4*d = 3*h - 68. Let n = -12 + 26. Let l(x) = x**3 - 15*x**2 + 20*x. Let j be l(n). What is the greatest common divisor of d and j?
14
Suppose -2*o = 5*l + 23, 3*l + 3 = 6*l. Let h = o - -25. Suppose 5*i - 73 = 422. Calculate the greatest common factor of i and h.
11
Let t be (-3)/(3 + -1 + (-2 - 1)). Suppose -4*a + 78 = -3*k, k - 5*k - 62 = -t*a. Calculate the highest common factor of 6 and a.
6
Suppose 955 = 4*u - 5*b, 5*b - 1 = 4. Calculate the greatest common factor of u and 96.
48
Let d be 1/(1/6*3). Suppose -3*b = d*b - 40. Let m(t) = t**3 - 8*t**2 + 8*t - 4. Let f be m(b). What is the greatest common factor of f and 20?
20
Suppose -50*y - 1248 = -63*y. What is the highest common factor of y and 156?
12
Let r be (1 + (-60)/10)/((-4)/316). What is the highest common factor of r and 20?
5
Let z = -56 + 91. Let j be 3 - -4*(-484)/(-8). What is the highest common divisor of z and j?
35
Let b(v) = 19*v + 27. Let p be b(3). Calculate the highest common divisor of p and 60.
12
Suppose -a - 10 = -14. Let h(f) = f**2 - f - 3. Let q be h(a). Calculate the greatest common factor of q and 81.
9
Let a(t) be the first derivative of t**4/4 + t**3/3 + 2*t**2 - 4*t - 5. Let s be a(3). What is the highest common divisor of 11 and s?
11
Let n be 174/2 - -3 - -5. Suppose 3*v = 2*s - n, -24 = 3*s - v - 163. Let i = 282 - 16